 -g + 4*g - 6032, -c - g + 1507 = z. Is c composite?
False
Let k = 8090 - 3011. Suppose -2 = 4*m + 2, k = i - 2*m. Is i prime?
True
Let n(q) = 3*q + 20. Let z be n(-5). Suppose -z*g = 4*l - 3451, -3*l + 4*g = 2*g - 2571. Let d = l + -388. Is d a prime number?
False
Suppose 5*g - 2*x = 32, x + 25 = 4*g - 0*x. Suppose -g*z = -4*z - 2*k - 264, -4*z + 521 = 3*k. Is z composite?
False
Let m be ((-2)/(-3))/((-2)/(3219 + 3)). Is m/(-2) - (-3 + 3 + -1) prime?
False
Let k(c) = -c**2 + 4*c + 10. Let h be k(-3). Is -110*43/(-2) - (h - -15) a composite number?
True
Let t(f) = 10*f**2 + 28*f - 68. Let i be t(23). Suppose 2*k = -19*d + 15*d + i, 0 = 5*k + 3*d - 14686. Is k a composite number?
False
Suppose 0 = d - 2*d + 2. Suppose -7*n = i - d*n + 375, -5*i + 3*n - 1847 = 0. Let g = -96 - i. Is g prime?
False
Is (-6)/(-27) - (1 - -3 - 15327205/171) composite?
True
Let p(u) = 3880*u**3 - 3*u**2 - 70*u + 200. Is p(3) a prime number?
True
Let w = 847787 - 501268. Is w a composite number?
True
Let o(c) = -c**3 - 40*c**2 - 51*c + 33. Let q be o(-36). Let u = q - -4786. Is u prime?
True
Suppose -406727 = -5*p - 4*q, p + q - 88760 = -7414. Is p a prime number?
True
Let o(d) = 4*d**3 - 57*d**2 - 92*d - 24. Is o(37) a composite number?
False
Let r(k) = k**3 - 2*k**2 - 9*k + 7. Let i be r(4). Suppose -23610 = -i*s - 3*s. Is s prime?
False
Let j(b) = b**3 - 24*b - 21*b + 41*b - 1. Let t be j(-2). Is (-977)/(-1*t/(-2)) a prime number?
False
Let q(d) = d**3 + 5*d**2 - 7*d. Let r be q(-6). Let j be ((-450)/(-20))/(3/r). Let s = 6 + j. Is s a prime number?
False
Suppose 6*i + g = 8*i - 6167, 5*i = -g + 15400. Let s = i + -1752. Is s prime?
False
Let m(g) = 10 - 4*g - 13 + 119*g**2 + 4. Is m(4) a prime number?
True
Suppose 170*o = -169*o + 342*o - 270993. Is o composite?
True
Suppose 0 = -7*m + 1540 + 1827. Suppose 0 = 5*i - 28 + 3. Suppose i*u = 314 + m. Is u prime?
False
Let z(x) = 401*x**2 + 3*x + 5. Suppose -6*v = 3*u - v - 99, 0 = u - v - 33. Let m = u - 35. Is z(m) a prime number?
False
Is -1*(238468/6)/(11/(330/(-20))) composite?
False
Let u(d) = 62488*d + 935. Is u(15) a composite number?
True
Suppose -32661 = -z + 2*o, 558 = -4*o + 578. Is z a composite number?
True
Suppose -5883370 = 486*d - 26606896. Is d prime?
True
Suppose -5*o + 36 = -4*s - 43, 4*o - 3*s - 63 = 0. Suppose 0 = 2*i + 27 - o. Let p(t) = 17*t**2 + 2*t + 11. Is p(i) a composite number?
True
Suppose -692883 + 107138 = -21*y - 10*y. Is y prime?
False
Let z = -153118 - -910951. Is z composite?
True
Let g = 330937 - -462190. Is g prime?
False
Let h(w) = 45*w**3 + w**2 - 7*w + 32. Is h(15) composite?
False
Suppose -5*o - 24 = -0*w + 4*w, -w + 2*o = 6. Is w/(-36) - 148690/(-12) a prime number?
True
Suppose 33 = 9*m - 3. Is 14*(69470/m)/5 prime?
False
Let y = -326702 + 842557. Is y composite?
True
Let k = -130185 - -192446. Is k a composite number?
True
Let t(m) = -3*m**2 + 4*m + 10. Let p be t(-9). Let c = -318 - -366. Let s = c - p. Is s prime?
True
Suppose j = -32*s + 37*s - 354119, -141666 = -2*s + 5*j. Is s prime?
True
Let y(p) = -p**3 - p**2 + 5*p + 4. Let l be y(-3). Suppose l*j - 6147 = 9722. Is j composite?
False
Suppose 4*r = -5*w - 3761, 0*w + 3*r = 2*w + 1509. Is (-1)/(-2) - w/2 - -4 composite?
True
Let k = -241177 - -599226. Is k composite?
True
Let t(u) = -2*u**3 + 5*u - 2. Let k be t(2). Let f(n) = 470*n**2 - 8*n + 1. Is f(k) composite?
True
Let p(z) = -2 + 178*z + 2 + 12 - 33*z. Is p(1) prime?
True
Let l = 35 - 36. Let v = 3 + l. Is 4*(740/16 - v) a composite number?
True
Suppose -3*s + 20301 = -8706. Let b = s - 3320. Is b a prime number?
False
Let y be (-28)/(-10)*32460/24. Suppose 0 = 15*x - y - 9998. Is x a composite number?
False
Suppose 8*m - 382 = 6*m. Suppose -67*t = -70*t - 501. Let h = m - t. Is h prime?
False
Suppose 134*v - 94128158 + 30359032 = 0. Is v a prime number?
True
Suppose 4*c - 34 = 5*b - 55, 0 = 2*b + 5*c - 15. Let r = -6538 + 12326. Suppose -b*i = -r - 10467. Is i a prime number?
True
Let j = 45 + -46. Let b be 13564/(-2)*(-9)/18. Is -1*(b + -2)*j composite?
False
Suppose -5*j + 7 = q, 2*j + 5*q = 5*j - 21. Suppose -8 = -o - j. Suppose -o*z + 422 = -4*z. Is z a prime number?
True
Let n be 818 - (-13)/((-104)/(-16)). Suppose -n*v + 822*v = 10346. Is v a composite number?
True
Let q = 36510 + -16224. Suppose 5*m + 2491 = q. Is m prime?
True
Let w be (4 + -7)*(0 - 25/3). Suppose 0 = -31*j + w*j + 18. Is 4 - 1*(-3)/(j/233) a prime number?
False
Suppose 2*n = 4*u - 8, 0 = -u + 2*n - 6*n + 2. Suppose 5*i + 4*c = 22409, -u*i - 4*c = -5618 - 3348. Is i composite?
False
Suppose -3*m + 61149 = 5*l, -4*m + l + 77473 = -4105. Is m a composite number?
False
Let c = 25759 - 17139. Let m(n) = n**2 - n - 4. Let k be m(4). Suppose k*r = 4*r + c. Is r prime?
False
Let c(q) = -3 - 4 - 2*q + 3*q - 7. Let b be c(6). Is 74/(24/45*(-6)/b) a composite number?
True
Let i be 6/(-12)*-734 - 6. Suppose 0 = p + 2*q - i, -2*p + 0*p + 727 = 3*q. Is p a composite number?
True
Let l = -154 + 260. Suppose -2*r = 2*b - 56, 5*r = 3*b - 10 - l. Suppose -34*c + 838 = -b*c. Is c composite?
False
Let q(v) = 22*v**2 - 4*v + 1445207. Is q(0) a prime number?
True
Let x(z) = -z + 15. Let l be x(11). Let q(i) = i**3 + 11*i**2 + 8*i - 18. Let d be q(-10). Suppose -y = -l*j + 2708, -d*y = -y. Is j prime?
True
Let k(v) = -37*v - 95. Let r(l) = l**3 + 4*l**2 - 7*l + 8. Let q be r(-6). Is k(q) composite?
False
Suppose 4*i - 32 = -4*k, -5*k + i - 8 + 24 = 0. Let r be 0 + (k/14)/(-1)*-7. Suppose -4*z + v + 6248 = 0, 0 = -4*z + r*z + 4*v + 3138. Is z composite?
True
Let p(b) = -41469*b + 12247. Is p(-8) composite?
True
Suppose -47*h + 9181154 = 1732171. Is h prime?
True
Let l be 73006/(-10) - (-6)/10. Let k = l + 4602. Let y = k - -3885. Is y a composite number?
False
Suppose 65*m = 66*m + 4, 4*u - 5*m = 226456. Is u prime?
False
Suppose 14*m - 23491 = 83385. Is 184/40 + 6/15 + m a composite number?
False
Let b(r) = -10*r + 3*r**3 + 7*r**2 - 3*r**3 + 5 - 9 + r**3. Let v be b(-8). Is (2 + v)*((-1275)/(-10) - -1) prime?
False
Suppose -309 = 2*v - 4*k + k, -781 = 5*v + k. Is ((-314)/(-8))/((-3)/v) a prime number?
False
Is (187908/(-16) - 4)/((-2)/56) prime?
False
Suppose 94*h + 12 = 98*h. Suppose -h*k + 2*k - 3*a = -21460, 64310 = 3*k - 5*a. Is k composite?
True
Let u = -161 + 213. Let o = u + 343. Is o composite?
True
Suppose 5*c + 158 = -2*d, 5*d + 0*c = -2*c - 353. Let a = 68 + d. Let z(h) = -3258*h + 5. Is z(a) composite?
True
Is (2705825/10)/(100/40) a composite number?
False
Let b = 107 - -9. Suppose -114*u + b*u = 16886. Is u a prime number?
True
Let l = -5469 - -145612. Is l a prime number?
True
Suppose 12 = 4*q - 4*g, 8*q + 3*g + 9 = 3*q. Suppose 11*y = -2*k + 15*y + 780, 5*k = y + 1932. Suppose i - 1345 + k = q. Is i a prime number?
False
Suppose -7*f + 8*f = 14711. Suppose 11*u = 36098 + f. Is u a composite number?
True
Suppose -4*z + 4 = 148. Let a = z - -36. Suppose a = j - 572 + 15. Is j a composite number?
False
Let y(v) = -13 - 6*v + 34 + 34 + 60. Is y(-30) composite?
True
Let q(n) = -23*n - 14. Let z be q(6). Let f = z - -298. Is f a prime number?
False
Suppose f + 3*f + 1180 = 0. Let x = 868 + f. Suppose -l = -4*l + x. Is l composite?
False
Let x = 16 + -26. Let o be (-162)/(-30) + 4/x. Suppose 0 = -j + f - 6*f + 608, 3170 = o*j - f. Is j composite?
True
Suppose 0 = -t - 3, 0 = -y + 4*t + 39 - 11. Let k be ((-2)/16)/((-2)/y). Is k/8*12 - (-235)/2 a composite number?
True
Let k = 3894253 - 2593606. Is k composite?
True
Suppose -20 = -5*v, 5*f + 5*v + 96956 = 310961. Is f a composite number?
False
Let z(s) = 3*s + 1. Let d(a) = -5*a - 3. Let i(h) = 3*h**3 - 2*h**2 + h + 2. Let x be i(-1). Let y(u) = x*d(u) - 7*z(u). Is y(-10) prime?
False
Is (-1 + -3)/((-664)/9989548) prime?
False
Let t be (470300/(-75))/((-1)/((-138)/(-4))). Is (6/8)/(69/t)*2 a prime number?
True
Is ((-67754826 + -6)/(-24))/2 prime?
True
Suppose -f = -5*o - 79015 - 183244, 0 = f + 2*o - 262301. Is f a prime number?
False
Is 5/(10/40499)*2 composite?
False
Let r(l) = -8*l - 9. Let b be r(-2). Suppose 2807 + 3059 = b*z. Is z a composite number?
True
Let x be 55/(-19) - (-12)/(-114). Is x/(45/(-15815))*3 composite?
False
Let h(r) = 51*r**2 + 43*r + 353. Let q = 948 + -955. Is h(q) composite?
False
Let a be (1/(-4) - 5/(-20))/(-1). Sup